n divisor of 13 and 91.
13
Calculate the highest common factor of 792 and 352.
88
What is the greatest common factor of 483 and 1533?
21
Calculate the highest common divisor of 1660 and 140.
20
What is the greatest common factor of 391 and 238?
17
Calculate the highest common divisor of 1507 and 121.
11
Calculate the greatest common divisor of 8 and 28.
4
Calculate the greatest common divisor of 481 and 26.
13
What is the highest common factor of 255 and 600?
15
Calculate the highest common divisor of 4 and 2228.
4
What is the highest common factor of 16 and 25856?
16
What is the highest common divisor of 30 and 8490?
30
What is the highest common divisor of 135 and 21420?
45
Calculate the highest common factor of 2596 and 88.
44
What is the greatest common divisor of 1 and 1091?
1
What is the highest common divisor of 120 and 1090?
10
What is the greatest common divisor of 4 and 292?
4
Calculate the highest common divisor of 14 and 441.
7
Calculate the greatest common factor of 224 and 8176.
112
Calculate the highest common factor of 63 and 2373.
21
Calculate the greatest common divisor of 67 and 5829.
67
What is the greatest common factor of 230 and 2?
2
What is the greatest common factor of 3100 and 55?
5
Calculate the highest common factor of 1001 and 33.
11
Calculate the highest common factor of 17 and 68.
17
Calculate the greatest common divisor of 4875 and 105.
15
What is the highest common divisor of 35826 and 42?
42
Calculate the highest common divisor of 909 and 9.
9
Calculate the highest common divisor of 928 and 58.
58
What is the highest common factor of 350 and 1666?
14
Calculate the highest common factor of 231 and 1419.
33
Calculate the highest common divisor of 4917 and 33.
33
What is the greatest common divisor of 1026 and 1242?
54
Calculate the greatest common factor of 22 and 99.
11
Calculate the greatest common factor of 62 and 22754.
62
Calculate the greatest common divisor of 2431 and 22.
11
Calculate the highest common divisor of 123673 and 11.
11
Calculate the greatest common factor of 100 and 40.
20
What is the highest common factor of 2496 and 19656?
312
Calculate the greatest common divisor of 62 and 4681.
31
Calculate the greatest common factor of 2912 and 208.
208
Calculate the highest common divisor of 97 and 8051.
97
What is the highest common divisor of 5 and 310?
5
What is the highest common factor of 32968 and 208?
104
Calculate the highest common divisor of 212 and 159.
53
What is the greatest common divisor of 12 and 258?
6
What is the highest common factor of 186 and 2263?
31
Calculate the highest common divisor of 504 and 4410.
126
Calculate the highest common divisor of 1716 and 1326.
78
Calculate the highest common factor of 703 and 76.
19
Calculate the greatest common divisor of 267 and 3.
3
Calculate the greatest common divisor of 10146 and 228.
114
What is the greatest common divisor of 4725 and 875?
175
What is the highest common factor of 378 and 5418?
126
Calculate the highest common divisor of 44 and 704.
44
What is the greatest common factor of 1815 and 30?
15
Calculate the highest common divisor of 260 and 9425.
65
What is the greatest common factor of 840 and 5250?
210
What is the highest common divisor of 64 and 96?
32
What is the greatest common factor of 285 and 375?
15
What is the highest common divisor of 43 and 731?
43
Calculate the greatest common divisor of 12 and 124.
4
Calculate the greatest common divisor of 16 and 656.
16
Calculate the greatest common divisor of 1079 and 166.
83
Calculate the highest common divisor of 221 and 34.
17
Calculate the greatest common divisor of 264 and 150.
6
What is the highest common divisor of 210 and 390?
30
Calculate the highest common factor of 28967 and 166.
83
Calculate the greatest common factor of 602 and 56.
14
Calculate the highest common factor of 312 and 195.
39
What is the highest common factor of 404 and 4?
4
What is the greatest common factor of 2691 and 138?
69
Calculate the highest common factor of 240 and 1640.
40
Calculate the highest common factor of 5 and 3595.
5
What is the greatest common factor of 234 and 126?
18
What is the highest common factor of 620 and 72?
4
Calculate the highest common factor of 36 and 207.
9
What is the greatest common factor of 544 and 32?
32
What is the highest common divisor of 93 and 4526?
31
What is the greatest common factor of 30 and 480?
30
What is the highest common divisor of 57 and 912?
57
What is the greatest common factor of 308 and 12?
4
Calculate the greatest common divisor of 384 and 8.
8
Calculate the greatest common divisor of 4263 and 735.
147
Calculate the highest common divisor of 14 and 42.
14
What is the greatest common factor of 337 and 29319?
337
Calculate the greatest common factor of 216 and 2304.
72
Calculate the highest common factor of 115 and 46.
23
What is the highest common factor of 94 and 8?
2
What is the highest common divisor of 865 and 173?
173
What is the highest common divisor of 112 and 6?
2
What is the highest common factor of 131 and 262?
131
What is the highest common divisor of 66 and 4?
2
Calculate the greatest common divisor of 2590 and 28.
14
What is the highest common divisor of 16 and 6?
2
Calculate the highest common factor of 105 and 140.
35
What is the greatest common factor of 28 and 4228?
28
Calculate the greatest common divisor of 2775 and 5.
5
Calculate the greatest common divisor of 24 and 744.
24
What is the highest common divisor of 285 and 4?
1
What is the greatest common factor of 9 and 183?
3
What is the highest common factor of 32490 and 90?
90
What is the highest common factor of 87 and 4321?
29
What is the greatest common factor of 13 and 663?
13
Calculate the highest common divisor of 84 and 1140.
12
What is the highest common factor of 164 and 1025?
41
Calculate the highest common divisor of 21885 and 5.
5
Calculate the highest common divisor of 23 and 437.
23
Calculate the highest common divisor of 187 and 17.
17
What is the highest common divisor of 344 and 136?
8
Calculate the highest common divisor of 2214 and 54.
54
What is the greatest common factor of 192 and 1248?
96
What is the highest common divisor of 1281 and 14?
7
What is the highest common factor of 102 and 34?
34
Calculate the greatest common factor of 2774 and 57.
19
What is the greatest common factor of 336 and 28?
28
What is the highest common factor of 3872 and 64?
32
What is the greatest common divisor of 22 and 770?
22
Calculate the highest common divisor of 4 and 26.
2
What is the highest common divisor of 75 and 200?
25
What is the greatest common factor of 66 and 132?
66
What is the highest common factor of 11 and 4213?
11
Calculate the highest common divisor of 64 and 224.
32
Calculate the highest common factor of 138 and 5658.
138
What is the highest common factor of 752 and 48?
16
What is the highest common factor of 1804 and 328?
164
What is the highest common factor of 20 and 90?
10
Calculate the greatest common divisor of 76 and 342.
38
What is the highest common factor of 36 and 747?
9
What is the greatest common divisor of 931 and 95?
19
What is the highest common factor of 135 and 54?
27
Calculate the highest common factor of 371 and 265.
53
Calculate the greatest common factor of 1432 and 895.
179
Calculate the highest common divisor of 9621 and 27.
9
Calculate the highest common divisor of 114 and 6.
6
What is the highest common divisor of 153 and 27?
9
Calculate the greatest common factor of 4348 and 24.
4
Calculate the highest common divisor of 31 and 1519.
31
What is the highest common factor of 32088 and 168?
168
What is the greatest common factor of 470 and 130?
10
Calculate the greatest common divisor of 2 and 53.
1
What is the highest common factor of 172 and 28?
4
Calculate the greatest common divisor of 234 and 208.
26
What is the greatest common factor of 45 and 360?
45
Calculate the greatest common factor of 8 and 70.
2
What is the greatest common divisor of 231 and 399?
21
What is the highest common divisor of 24 and 1536?
24
Calculate the greatest common factor of 37901 and 251.
251
Calculate the greatest common factor of 1057 and 7.
7
Calculate the highest common divisor of 82 and 8323.
41
Calculate the greatest common factor of 52 an